{"id":13,"date":"2020-10-20T13:27:52","date_gmt":"2020-10-20T13:27:52","guid":{"rendered":"https:\/\/rehturn-to-paradise.de\/index.php\/datenschutzerklaerung\/"},"modified":"2021-02-26T07:24:41","modified_gmt":"2021-02-26T07:24:41","slug":"datenschutzerklaerung","status":"publish","type":"page","link":"https:\/\/rehturn-to-paradise.de\/index.php\/datenschutzerklaerung\/","title":{"rendered":"Datenschutzerkl\u00e4rung"},"content":{"rendered":"<div class=\"fusion-fullwidth fullwidth-box fusion-builder-row-1 fusion-flex-container nonhundred-percent-fullwidth non-hundred-percent-height-scrolling\" style=\"background-color: #5f6163;background-position: center center;background-repeat: no-repeat;border-width: 0px 0px 0px 0px;border-color:#25292b;border-style:solid;\" ><div class=\"fusion-builder-row fusion-row fusion-flex-align-items-flex-start\" style=\"max-width:1216.8px;margin-left: calc(-4% \/ 2 );margin-right: calc(-4% \/ 2 );\"><div class=\"fusion-layout-column fusion_builder_column fusion-builder-column-0 fusion_builder_column_1_1 1_1 fusion-flex-column\"><div class=\"fusion-column-wrapper fusion-flex-justify-content-flex-start fusion-content-layout-column\" style=\"background-position:left top;background-repeat:no-repeat;-webkit-background-size:cover;-moz-background-size:cover;-o-background-size:cover;background-size:cover;padding: 0px 0px 0px 0px;\"><style type=\"text\/css\">@media only screen and (max-width:1100px) {.fusion-title.fusion-title-1{margin-top:0px!important;margin-bottom:30px!important;}}<\/style><div class=\"fusion-title title fusion-title-1 sep-underline sep-solid fusion-title-text fusion-title-size-three\" style=\"border-bottom-color:#dba4c8;margin-top:0px;margin-bottom:30px;\"><h3 class=\"title-heading-left\" style=\"margin:0;\">DATENSCHUTZERKL\u00c4RUNG<\/h3><\/div><div class=\"fusion-text fusion-text-1\" style=\"line-height:1.5;color:#ffffff;transform:translate3d(0,0,0);\"><p>Wir verwenden keine Programme wie eTracker oder google analytics.<\/p>\n<p>Wir werten keine Cookies aus.<\/p>\n<p>Eine Registrierung ist nicht notwendig.<\/p>\n<p>Es werden nur die zur Gesch\u00e4ftsabwicklung notwendigen Daten gespeichert und auch nur f\u00fcr diesen Zweck verarbeitet.<\/p>\n<p>Diese sind: Vorname, Nachname, E-Mail-Adresse, Wohnort, Postleitzahl, Lieferadresse.<\/p>\n<p>Gespeichert sind Ihre Daten, die Sie selbst eingegeben haben plus Datum und Uhrzeit, bei strato.de. Die Verarbeitung des Auftrages erfolg mit Microsoft Dynamics Classic NAV. Dort sind Vorname, Nachname, E-Mail-Adresse, Wohnort, Postleitzahl, Lieferadresse, ebenfalls gespeichert.<\/p>\n<p>Ihre Lieferadresse wird an UPS \u00fcbermittelt.<\/p>\n<p>Bei Zahlung \u00fcber PaypalPlus oder Kreditkarte\/\u00dcberweisung werden Ihre Daten von Paypal verarbeitet.<\/p>\n<p>Wir nehmen Ihren Datenschutz sehr ernst und behandelt Ihre personenbezogenen Daten vertraulich und entsprechend der gesetzlichen Vorschriften.<\/p>\n<p><span class=\"dsgvo-title\">Begriffsbestimmungen<\/span>\u00a0finden Sie in Art. 4 DSGVO.<\/p>\n<p>Wir bieten Ihnen einen Newsletter an, der Sie \u00fcber aktuelle Angebote informiert. Diesen k\u00f6nnen Sie auf der Startseite abonnieren.\u00a0 Ihre Einwilligung zum Erhalt des Newsletter k\u00f6nnen Sie jederzeit widerrufen, \u00fcber die Startseite wie beim abonnieren. Nach Ihrem Widerruf erfolgt die L\u00f6schung Ihrer personenbezogenen Daten. Am Ende jedes Newsletters finden Sie einen Link zum Widerruf.<\/p>\n<p>Sie haben als Nutzer das Recht, auf Antrag eine kostenlose Auskunft dar\u00fcber zu erhalten, welche personenbezogenen Daten \u00fcber Sie gespeichert sind. Sie haben das Recht auf Berichtigung falscher Daten, auf Verarbeitungseinschr\u00e4nkung oder L\u00f6schung Ihrer personenbezogenen Daten.<\/p>\n<p><strong>L\u00f6schung von Daten<\/strong><\/p>\n<p>Sofern Ihr Wunsch keine gesetzliche Pflicht zur Aufbewahrung von Daten entgegen steht, haben Sie das Recht auf L\u00f6schung Ihrer Daten. Von uns gespeicherte Daten werden, sollten sie f\u00fcr ihre Zweckbestimmung nicht mehr notwendig sein und es keine gesetzlichen Aufbewahrungsfristen geben, gel\u00f6scht.<\/p>\n<p><strong>Widerspruchsrecht<\/strong><\/p>\n<p>Sie k\u00f6nnen von ihrem Widerspruchsrecht Gebrauch machen und der Verarbeitung ihrer personenbezogenen Daten zu jeder Zeit widersprechen.<\/p>\n<p>Wenn Sie eine Berichtigung, Sperrung, L\u00f6schung oder Auskunft \u00fcber die zu Ihrer Person gespeicherten personenbezogenen Daten w\u00fcnschen oder Fragen bzgl. Verarbeitung oder Verwendung Ihrer personenbezogenen Daten haben oder erteilte Einwilligungen widerrufen m\u00f6chten, k\u00f6nnen Sie sich an folgende E-Mail-Adresse wenden: versand.rehturntoparadise (at) odn.de.<\/p>\n<\/div><\/div><\/div><style type=\"text\/css\">.fusion-body .fusion-builder-column-0{width:100% !important;margin-top : 0px;margin-bottom : 20px;}.fusion-builder-column-0 > .fusion-column-wrapper {padding-top : 0px !important;padding-right : 0px !important;margin-right : 1.92%;padding-bottom : 0px !important;padding-left : 0px !important;margin-left : 1.92%;}@media only screen and (max-width:1100px) {.fusion-body .fusion-builder-column-0{width:100% !important;order : 0;}.fusion-builder-column-0 > .fusion-column-wrapper {margin-right : 1.92%;margin-left : 1.92%;}}@media only screen and (max-width:620px) {.fusion-body .fusion-builder-column-0{width:100% !important;order : 0;}.fusion-builder-column-0 > .fusion-column-wrapper {margin-right : 1.92%;margin-left : 1.92%;}}<\/style><\/div><style type=\"text\/css\">.fusion-body .fusion-flex-container.fusion-builder-row-1{ padding-top : 0px;margin-top : 0px;padding-right : 0px;padding-bottom : 0px;margin-bottom : 0px;padding-left : 0px;}<\/style><\/div>\n","protected":false},"excerpt":{"rendered":"","protected":false},"author":1,"featured_media":0,"parent":0,"menu_order":0,"comment_status":"closed","ping_status":"closed","template":"","meta":[],"_links":{"self":[{"href":"https:\/\/rehturn-to-paradise.de\/index.php\/wp-json\/wp\/v2\/pages\/13"}],"collection":[{"href":"https:\/\/rehturn-to-paradise.de\/index.php\/wp-json\/wp\/v2\/pages"}],"about":[{"href":"https:\/\/rehturn-to-paradise.de\/index.php\/wp-json\/wp\/v2\/types\/page"}],"author":[{"embeddable":true,"href":"https:\/\/rehturn-to-paradise.de\/index.php\/wp-json\/wp\/v2\/users\/1"}],"replies":[{"embeddable":true,"href":"https:\/\/rehturn-to-paradise.de\/index.php\/wp-json\/wp\/v2\/comments?post=13"}],"version-history":[{"count":4,"href":"https:\/\/rehturn-to-paradise.de\/index.php\/wp-json\/wp\/v2\/pages\/13\/revisions"}],"predecessor-version":[{"id":1479,"href":"https:\/\/rehturn-to-paradise.de\/index.php\/wp-json\/wp\/v2\/pages\/13\/revisions\/1479"}],"wp:attachment":[{"href":"https:\/\/rehturn-to-paradise.de\/index.php\/wp-json\/wp\/v2\/media?parent=13"}],"curies":[{"name":"wp","href":"https:\/\/api.w.org\/{rel}","templated":true}]}}